te -3 - (-1 + -8) - (-14 + 9 - -2).
9
Calculate (-1 - 0) + 14 + (-30 - 13).
-30
Calculate -23 + (30 + -28 - (-7 + (-2 - -3))).
-15
What is -5 - 10 - 1 - -3 - 11?
-24
Evaluate 44 + -35 + (-1 - 4).
4
(4 - (23 - 13)) + (-1 - -24)
17
(10 - (-9 + 22)) + (-1 + -3 - -11)
4
What is the value of 94 + -73 + (-29 - -3)?
-5
What is the value of (14 - (-20 - -27)) + 10?
17
21 + (6 + -13 - 8 - -21)
27
What is the value of -4 - ((3 - (2 + -3)) + -2 + -6)?
0
Evaluate 10 + (-10 - 22 - -10).
-12
Calculate 9 + 0 + (29 - 29 - 5).
4
Evaluate -19 - (-19 - -11 - -8) - (-1 + -6).
-12
What is (12 - (7 + 2)) + -16 - 6?
-19
Evaluate (-6 - 10) + 4 - (0 - -1 - -1).
-14
Calculate -8 + (4 - 2) + -176 + 203.
21
What is the value of (-4 - (7 - 5)) + (17 - 1)?
10
Calculate -6 + (5 - (11 - (7 - 2))).
-7
What is 1 + -10 - -18 - 5?
4
What is 26 + (31 - 19) + (2 - 21)?
19
Evaluate 5569 - 5590 - (1 + -15 - -1).
-8
Evaluate 142 - 159 - (1 - 9).
-9
2 + -14 + 8 + 10 + (0 - -1)
7
-9 + 3 + -2 + -4 + -4 + 12
-4
What is the value of 4 + 0 - (-82 + 85)?
1
-4 + 5 + 5 - (-7 - -1)
12
Calculate (-4 - (19 - 19)) + (2 - -23).
21
-18 - -17 - (-15 - -1)
13
What is the value of -8 + (-3 - -2 - (-19 + 2))?
8
-14 + -2 + (-20 - (-29 - 3))
-4
21 - ((16 - (-9 - -9)) + -8)
13
Evaluate -10 + 2 + (-1 - 9 - -2).
-16
Calculate 33 - (11 - 6 - -17).
11
25 + (-11 - (0 + -4)) - (-2 - -2)
18
Evaluate 0 + 1 + 11 + -17 - -6.
1
What is the value of (0 - 6) + 1 + -6 + -2?
-13
-41 - -46 - (3 - 1)
3
What is -3 - -8 - (-1 + 8)?
-2
What is -1 + 11 + 14 + -10 + 5?
19
What is the value of -2 - ((-21 - 32) + 24)?
27
(-216 - -217) + (0 - (0 - 8))
9
What is -13 + -2 + 36 - 11?
10
Evaluate (-2 - -5) + (-53 - (-43 + 16 - -9)).
-32
-7 + (-8 - -10) + -7
-12
Evaluate (11 - 27) + 6 + 11 + -1.
0
Calculate 5 - (-1 - -6 - (-8 - (-17 - -16))).
-7
Calculate -2 + 12 - (23 + 23 + -9).
-27
Evaluate -2 + 0 + (15 - (10 + (-15 - 7))).
25
Calculate (-6 - (-1 + 7 - 10)) + -3 - -15.
10
Calculate 4 + (-9 - -10 - 4) - (1 - 16).
16
Evaluate 1 + 6 + 2 + -7 + -2.
0
Calculate 3 - ((-18 + 0 - (2 + -6)) + 4).
13
What is (4 - -4) + 1 + 44 + -44?
9
What is the value of (15 - -1) + (77 - 53 - 41)?
-1
Evaluate (-1 - 2) + (-16 - -4 - -22) + -6.
1
What is 10 + 0 + -4 + -1 + (-38 - -28)?
-5
Evaluate 18 - 3 - ((1 - -2) + -2 + 3).
11
What is the value of 4 - (6 - (-3 + (14 - 4)))?
5
Evaluate 9 - ((13 - (16 + -25)) + 7).
-20
What is the value of 21 + (10 - 10) - 19?
2
-6 + -2 + 7 + (-41 - -21)
-21
Evaluate (-27 - -12 - -19) + (-1 - 7).
-4
-26 - (1 - -1) - (-60 + 59 + 0)
-27
5 + (8 - 4) + -39 + (86 - 81)
-25
Calculate 32 - (826 + -827 - (0 + 0 - 9)).
24
What is 20 - 28 - (8 - -2)?
-18
-6 - 6 - (1 + (-2 - -3) + -6)
-8
-6 + (-8 - -14) + 10 + 3 + 0
13
Calculate (-133 - -133 - (9 - 1)) + 12.
4
Calculate (-9 - 5) + 5 + 30.
21
Calculate (-14 - -18) + (-2 - -2) - 22 - -4.
-14
Calculate -13 + (13 - 27) + 41 - -8.
22
What is the value of 11 + (16 + -31 - (-1 - 2))?
-1
What is 45 - 10 - 15 - 32?
-12
Calculate (4 - (9 + 10 + -6)) + 9.
0
What is -2 + -1 + (9 - 2 - (46 - 36))?
-6
What is the value of 10 - (2 + -2) - (18 - (-19 + 4))?
-23
Evaluate -2 + 5 + (6 - 8).
1
What is the value of -1 - (-22 + 47) - -35?
9
(-25 - 0 - (41 - 55)) + -7
-18
What is the value of ((-4 - -2) + 1 - 21) + 7 - 0?
-15
Evaluate 3 + -4 + (-2 - (-38 - -27)).
8
What is -22 - (-16 + 18 - 16)?
-8
What is the value of -21 + -2 - (22 - 13 - -3 - 8)?
-27
Evaluate (-12 - -19) + -4 - (-3 + 0).
6
Calculate (37 - (14 - -8)) + -41.
-26
Calculate -8 + -33 + -8 + 30.
-19
Calculate (-9 + 1 - (25 + -39)) + (11 - 5).
12
13 + -4 + 2 + 1
12
What is (5 - 16 - 2) + (125 - 109)?
3
Evaluate 4 + -17 - ((-5 - -14) + 4 - 4).
-22
-10 - (8 + -14 - (-2 - -5))
-1
What is the value of 0 + ((7 - -2) + 10 - (3 + -2))?
18
What is -5 - (27 + (-34 - -17))?
-15
-89 + 88 + (3 - 7)
-5
Evaluate 2 - 15 - (4 + -8 + 18).
-27
-9 + 3 - (4 + -3 + -2 + -6)
1
Calculate (-7 - (-7 + 2 + 1 - 3)) + -4.
-4
Evaluate 11 - (-14 + (27 + -25 - (-6 - -1))).
18
Evaluate 11 + -8 + 6 + (-21 - -2).
-10
Calculate 35 + -24 + 4 + (-6 - -5).
14
What is 19 - (1 - (8 - 6 - 5) - -3)?
12
What is -444 + 456 - (17 + 1)?
-6
What is the value of 20 + -20 + -1 - (0 + (-5 - -7))?
-3
Calculate -8 + (3 - -1) - (16 - 12).
-8
What is the value of 5 + -25 - (-19 - -4)?
-5
-14 - ((1 - -13) + (-8 - (0 + 0)))
-20
Evaluate 12 + -4 + 7 + (-24 - -20).
11
Calculate -5 + (-24 - 0) + -2 + (8 - -2).
-21
1 + -12 - -13 - 15 - (2 + -2)
-13
(-91 - -99) + -8 + -1
-1
What is 0 + 0 + (1 + -14 - -15) - -14?
16
What is 2 + (-18 - (1 - -1)) + -7600 + 7595?
-23
-151 - -170 - (8 - 0) - (-2 - -36)
-23
Calculate 2 + -2 + (96 - 116).
-20
Evaluate (-12 - (-10 - -4)) + -1 + -11.
-18
Calculate 22 - (2 - (-12 - -19) - -16).
11
(-2 + -14 - (37 + -72)) + 0
19
Evaluate -9 - ((-5 - (18 + -6)) + 9).
-1
Evaluate -1 - 8 - (69 - 88).
10
Evaluate -32 - -15 - -15 - -39 - 6.
31
60 + -5 + -38 - (7 - -1)
9
Calculate 0 - 1 - (25 - (-17 + 56)).
13
What is 25 + 13 + -20 + 15 + (10 - 15)?
28
Calculate 3 - (-8 + (8 - 1)).
4
What is -2 - ((-5 - -4) + 6 - 8)?
1
Evaluate -5 + -1 + (16 - (4 + 8 - 1)).
-1
74 + -57 - ((-2 + 4 - 3) + 5)
13
Evaluate 2 + (-4 - (-11 + -1)).
10
Calculate (3 + 5 - 11) + -18 + 6 - -8.
-7
What is the value of (-2 - 10) + (6 - -6 - (35 - 26))?
-9
What is the value of -172 + 170 + -3 + 10?
5
(-13 - (11 - (34 - -2))) + -13
-1
-43 + 47 - (1 + 0 + -3)
6
What is the value of -13 + -2 + (-15 + 10 - -4) - -9?
-7
What is 31 + 4 + 8 + (-12 - (-8 - -11))?
28
What is -2 - ((4 - 2) + -24 + 3 + -1)?
18
What is (13 - -1) + (86 - 81)?
19
What is the value of -373 - -368 - (-22 + -1 + 2)?
16
What is the value of -1 - (-20 - (6 + -12))?
13
What is the value of -10 + 59 + (-10 - 20)?
19
What is (-1 - (-13 - 1)) + (101 - 108) - -13?
19
What is 31 + (21 - 106) + 21?
-33
What is 6 + (9 - -13) + -30?
-2
What is the value of -4 + -2 + -3 + 1 + 12?
4
What is the value of -18 + 9 + (12 + -19 - -6)?
-10
(3 - (2 - (6 - 9))) + -12
-14
What is (6 - 8) + (-14 - (25 - 19))?
-22
What is 22 + -46 + 14 - -17?
7
Evaluate -9 - (-17 + -6 + 10) - -16.
20
What is -6 + (8 - (3 - -2)) - -16?
13
Calculate (17 - (39 + 5 - 15)) + 8.
-4
What is the value of (-14 - (9 + 2 + -17)) + -26?
-34
Calculate 7 + 2 + (1 - 1 - 22).
-13
What is the value of -3 - 1 - (-9 + 5 - -7)?
-7
Calculate 3 + (-21 - -22 - (-3 - 2)).
9
What is 55 - 46 - (-3 + (5 - -6))?
1
What is -43 - (3 - (2 + -6 + 22))?
-28
What is (4 - (-2 - 4)) + (-19 - -9) - 21?
-21
Calculate (2 + -7 - (-5 - 5)) + -3 + -1.
1
Evaluate (2 - 1 - 7) + -1 + 17 + -8.
2
What is 112 - 104 - (18 + -4 + (5 - 3))?
-8
Evaluate -8 + -27 + 26 - -35.
26
What is (24 - 37) + (1 - -9) - (1 + 1)?
-5
Evaluate -6 + (-3 + 0 - (10 + (5 - 12))).
-12
-5 + 6 + (-8 - -5) + -14
-16
Calculate (71 - 22) + -39 + -1 + 1.
10
Calculate 0 + 8 - (-16 - (-8 + -14)).
2
(-8 - -3 - -16) + -13 - (-29 - 9)
36
Calculate (-10 - 4) + -8 - -18 - (-1 + 1).
-4
What is the value of 5 + -1 + 1 + -11 + -5 + 6?
-5
Calculate 19 + 0 + -19 + 4.
4
What is (30 - 1) + (-152 - -144)?
21
What is (-18 - (-10 + -2)) + -1 + 2?
-5
What is 31 - ((-4 + 24 - 18) + (-2 - -9))?
22
What is the value of 21 - (32 + -19 - -6)?
2
What is -7 + -10 + 20 - 5?
-2
What is -15 + 12 + -36 + 49?
10
Evaluate (-28 - (-2 + -64)) + 1.
39
-2 - (-5 + -17 + 14)
6
What is the value of -69 + 61 + 1 + 12 - -10?
15
Calculate -10 + -3 + -11 + 8.
-16
Evaluate (9 - (1 + 1) - 7) + -1 - -10.
9
What is the value of 18 + 0 - ((-17 - 1) + (-1998 - -2007))?
27
What is the value of 4 + -9 - -1 - (43 - 58)?
11
What is the value of -24 - (7 + 7 + -28)?
-10
(5 + 4 - 6) + -15 - (1 + 1)
-14
Calculate -429 + 421 - (1 + -12).
3
Calculate -5 + (-1 - -6) + 10.
10
(3 - -27) + -24 + -2 + -17
-13
Evaluate 2 + -4 + -27 + 27 - (-7 + -1).
6
What is 34 - ((7 - (7 - 7)) + (-3 - 1))?
31
Calculate 1 + (-8 - -4) + (-2 + 0 - -5).
0
What is (0 - 6) + (13 - 10) + (1 - -4)?
2
What is the value of -4 - (-7 - (3 - -2))?
8
What is 15 - (-7 - (-5 - 1)) - 4?
12
Calculate 28 + -14 + 20 + -15.
19
-43 + 20 + (-23 - -46)
0
-7 + -2 + 21 + -8 + -7 - 12
-15
What is the value of 62 + -61 + (1 - 3 - -2) + 3?
4
Calculate (-6 + -10 - 7) + 14.
-9
Evaluate 1 - (-22 + (-20 - -30)).
13
-33 - -29 - (-5 + 0)
1
Calculate -7 - (-5 + -20 + 2).
16
Calculate -28 + -18 + 30 + -11 - -11.
-16
What is the value of 3 + 22 + -25 + 0 + -3?
-3
What is the val